{"id":4471,"date":"2021-11-05T18:15:09","date_gmt":"2021-11-05T17:15:09","guid":{"rendered":"http:\/\/localhost:8888\/mediterranea\/?page_id=4471"},"modified":"2021-11-05T18:15:09","modified_gmt":"2021-11-05T17:15:09","slug":"privacy-policy","status":"publish","type":"page","link":"https:\/\/www.mediterraneaagrumi.it\/?page_id=4471","title":{"rendered":"Privacy Policy"},"content":{"rendered":"<p class=\"font_8\"><span class=\"color_14\">Informativa per il trattamento dei dati personali ex. Art 13 &#8211; D. Lgs. N.196\/2003 del 30 Giugno 2003<\/span><\/p>\n<p class=\"font_8\"><span class=\"color_14\"><span class=\"wixGuard\">\u200b<\/span><\/span><\/p>\n<p class=\"font_8\"><span class=\"color_14\">Per l&#8217;instaurazione e l&#8217;esecuzione dei rapporti contrattuali con i propri clienti, la seguente societ\u00e0 viene in possesso di dati anagrafici, fiscali ed inerenti l&#8217;oggetto sociale\/aziendale relativo, acquisiti anche verbalmente, direttamente o tramite terzi. Ai sensi del D. Lgs. N.196\/2003 del 30 Giugno 2003 \u00ecCodice in materia di protezione dei dati personali ed in relazione ai dati personali che intendiamo trattare secondo principi di correttezza, liceit\u00e0\u2021, trasparenza e di tutela della riservatezza e dei diritti, Vi informiamo di quanto a seguito.\u00a0<\/span><\/p>\n<p class=\"font_8\"><span class=\"color_14\"><span class=\"wixGuard\">\u200b<\/span><\/span><\/p>\n<p class=\"font_8\"><span class=\"color_14\">Titolare e responsabile<\/span><\/p>\n<p class=\"font_8\">\n<span class=\"color_14\">Titolare e responsabile del trattamento dei dati personali \u00e8 il rappresentante legale domiciliato per la funzione presso la societ\u00e0 stessa.<\/span><\/p>\n<p class=\"font_8\"><span class=\"color_14\"><span class=\"wixGuard\">\u200b<\/span><\/span><\/p>\n<p class=\"font_8\"><span class=\"color_14\">Finalit\u00e0 del trattamento<\/span><\/p>\n<p class=\"font_8\">\n<span class=\"color_14\">I dati personali sono trattati nell&#8217;ambito della normale attivit\u00e0 del titolare e secondo finalit\u00e0 strettamente connesse e strumentali alla gestione del rapporto intercorrente in ogni fase (pre-contrattuale, contrattuale, contenzioso, ecc.), ai derivanti obblighi contrattuali e di aggiornamento dei servizi offerti, agli adempimenti imposti dalla legge, dai regolamenti e dalla normativa comunitaria. \u00a0<\/span><\/p>\n<p class=\"font_8\"><span class=\"color_14\"><span class=\"wixGuard\">\u200b<\/span><\/span><\/p>\n<p class=\"font_8\"><span class=\"color_14\">Natura del conferimento<\/span><\/p>\n<p class=\"font_8\">\n<span class=\"color_14\">Il conferimento dei dati stessi \u00e8 obbligatorio per tutto quanto \u00e8 richiesto dagli obblighi legali e contrattuali e pertanto l&#8217;eventuale rifiuto a fornirli o al successivo trattamento potr\u00e0 determinare l&#8217;impossibilit\u00e0 di dar corso ai rapporti contrattuali medesimi. Il mancato conferimento di dati che non siano riconducibili a obblighi legali o contrattuali verr\u00e0 valutato di volta in volta e determiner\u2021 le conseguenti decisioni rapportate all&#8217;importanza dei dati richiesti rispetto alla gestione del rapporto. \u00a0<\/span><\/p>\n<p class=\"font_8\"><span class=\"color_14\"><span class=\"wixGuard\">\u200b<\/span><\/span><\/p>\n<p class=\"font_8\"><span class=\"color_14\">Modalit\u00e0 del trattamento<\/span><\/p>\n<p class=\"font_8\">\n<span class=\"color_14\">Il trattamento dei dati personali avviene con supporto di mezzi cartacei ed informatici e si realizza esclusivamente attraverso le fasi di raccolta, registrazione, organizzazione, conservazione, classificazione, comunicazione, cancellazione e distruzione dei dati, effettuate da parte del personale addetto nell&#8217;ambito dell&#8217;attivit\u00e0 di propria competenza e a seguito di opportuno addestramento. I dati sono conservati presso la nostra sede e verranno trattati per tutta la durata dei rapporti contrattuali instaurati e anche successivamente per l&#8217;espletamento di tutti gli adempimenti di legge.<\/p>\n<p>I dati relativi allo svolgimento dell&#8217;attivit\u00e0 economica sono trattati nel rispetto della vigente normativa in materia di segreto aziendale ed industriale. Sono impiegate misure di sicurezza volte a garantire la necessaria riservatezza ed evitare l&#8217;indebito accesso a soggetti terzi o persone non autorizzate.<\/span><\/p>\n<p class=\"font_8\">\n<span class=\"color_14\">Ambito di comunicazione e diffusione dei dati<br \/>\nFerme restando le comunicazioni e diffusioni effettuate in esecuzione di obblighi di legge, i dati sono resi disponibili esclusivamente per le finalit\u00e0 sopra elencate e potranno essere comunicati (per i soli aspetti inerenti l&#8217;attivit\u00e0 specifica da eseguire), in ambito nazionale e\/o internazionale, ai seguenti altri soggetti : \u00a0<\/span><\/p>\n<ul class=\"font_8 color_14\">\n<li>\n<p class=\"font_8\"><span class=\"color_14\">Enti di accreditamento;\u00a0<\/span><\/p>\n<\/li>\n<li>\n<p class=\"font_8\"><span class=\"color_14\">Professionisti e societ\u00e0 esterne che collaborano per le attivit\u00e0 di audit;\u00a0<\/span><\/p>\n<\/li>\n<li>\n<p class=\"font_8\"><span class=\"color_14\">Professionisti e societ\u00e0 esterne che svolgono attivit\u00e0 per la gestione e il controllo della nostra attivit\u00e0 imprenditoriale;<\/span><\/p>\n<\/li>\n<li>\n<p class=\"font_8\"><span class=\"color_14\">Banche o Istituti di credito;<\/span><\/p>\n<\/li>\n<li>\n<p class=\"font_8\"><span class=\"color_14\">Societ\u00e0 o enti di recupero del credito.<\/span><\/p>\n<\/li>\n<\/ul>\n<p class=\"font_8\">\n<span class=\"color_14\">Viene altres\u00ec divulgato a terzi, attraverso mezzi verbali, cartacei, rete internet e sito web, lo stato di validit\u00e0 della certificazione dell&#8217;organizzazione cliente (certificata, sospesa, cancellata), indicando denominazione sociale, indirizzo, norma di riferimento, scopo di certificazione e numero di certificato, codice fiscale e partita IVA.<br \/>\nIn nessun caso i dati personali in nostro possesso verranno diffusi o comunicati a soggetti terzi a fini commerciali, fatti salvi i limiti di cui all&#8217;art. 16 D. Lgs 196\/2003.<\/span><\/p>\n<p class=\"font_8\"><span class=\"color_14\"><span class=\"wixGuard\">\u200b<\/span><\/span><\/p>\n<p class=\"font_8\"><span class=\"color_14\">Diritti dell&#8217;interessato<\/span><\/p>\n<p class=\"font_8\">\n<span class=\"color_14\">Relativamente ai dati personali, la Vostra organizzazione pu\u00f2 in ogni momento esercitare i diritti previsti dall&#8217;art. 7 del D. Lgs. N.196\/2003nei limiti ed alle condizioni previste dagli articoli 8, 9 e 10 del medesimo decreto, inoltrando una richiesta a mezzo raccomandata, fax o e-mail, al titolare del trattamento dei dati personali. Gli indirizzi sono riportati nell&#8217;apposita pagina di questo sito.\u00a0<\/span><\/p>\n","protected":false},"excerpt":{"rendered":"<p>Informativa per il trattamento dei dati personali ex. Art 13 &#8211; D. Lgs. N.196\/2003 del 30 Giugno 2003 \u200b Per l&#8217;instaurazione e l&#8217;esecuzione dei rapporti contrattuali con i propri clienti, la seguente societ\u00e0 viene in possesso di dati anagrafici, fiscali ed inerenti l&#8217;oggetto sociale\/aziendale relativo, acquisiti anche verbalmente, direttamente o tramite terzi. Ai sensi del [&hellip;]<\/p>\n","protected":false},"author":1,"featured_media":0,"parent":0,"menu_order":0,"comment_status":"closed","ping_status":"closed","template":"","meta":{"site-sidebar-layout":"default","site-content-layout":"default","ast-site-content-layout":"default","site-content-style":"default","site-sidebar-style":"default","ast-global-header-display":"","ast-banner-title-visibility":"","ast-main-header-display":"","ast-hfb-above-header-display":"","ast-hfb-below-header-display":"","ast-hfb-mobile-header-display":"","site-post-title":"","ast-breadcrumbs-content":"","ast-featured-img":"","footer-sml-layout":"","ast-disable-related-posts":"","theme-transparent-header-meta":"default","adv-header-id-meta":"","stick-header-meta":"","header-above-stick-meta":"","header-main-stick-meta":"","header-below-stick-meta":"","astra-migrate-meta-layouts":"default","ast-page-background-enabled":"default","ast-page-background-meta":{"desktop":{"background-color":"","background-image":"","background-repeat":"repeat","background-position":"center center","background-size":"auto","background-attachment":"scroll","background-type":"","background-media":"","overlay-type":"","overlay-color":"","overlay-opacity":"","overlay-gradient":""},"tablet":{"background-color":"","background-image":"","background-repeat":"repeat","background-position":"center center","background-size":"auto","background-attachment":"scroll","background-type":"","background-media":"","overlay-type":"","overlay-color":"","overlay-opacity":"","overlay-gradient":""},"mobile":{"background-color":"","background-image":"","background-repeat":"repeat","background-position":"center center","background-size":"auto","background-attachment":"scroll","background-type":"","background-media":"","overlay-type":"","overlay-color":"","overlay-opacity":"","overlay-gradient":""}},"ast-content-background-meta":{"desktop":{"background-color":"var(--ast-global-color-5)","background-image":"","background-repeat":"repeat","background-position":"center center","background-size":"auto","background-attachment":"scroll","background-type":"","background-media":"","overlay-type":"","overlay-color":"","overlay-opacity":"","overlay-gradient":""},"tablet":{"background-color":"var(--ast-global-color-5)","background-image":"","background-repeat":"repeat","background-position":"center center","background-size":"auto","background-attachment":"scroll","background-type":"","background-media":"","overlay-type":"","overlay-color":"","overlay-opacity":"","overlay-gradient":""},"mobile":{"background-color":"var(--ast-global-color-5)","background-image":"","background-repeat":"repeat","background-position":"center center","background-size":"auto","background-attachment":"scroll","background-type":"","background-media":"","overlay-type":"","overlay-color":"","overlay-opacity":"","overlay-gradient":""}},"footnotes":""},"class_list":["post-4471","page","type-page","status-publish","hentry"],"_links":{"self":[{"href":"https:\/\/www.mediterraneaagrumi.it\/index.php?rest_route=\/wp\/v2\/pages\/4471","targetHints":{"allow":["GET"]}}],"collection":[{"href":"https:\/\/www.mediterraneaagrumi.it\/index.php?rest_route=\/wp\/v2\/pages"}],"about":[{"href":"https:\/\/www.mediterraneaagrumi.it\/index.php?rest_route=\/wp\/v2\/types\/page"}],"author":[{"embeddable":true,"href":"https:\/\/www.mediterraneaagrumi.it\/index.php?rest_route=\/wp\/v2\/users\/1"}],"replies":[{"embeddable":true,"href":"https:\/\/www.mediterraneaagrumi.it\/index.php?rest_route=%2Fwp%2Fv2%2Fcomments&post=4471"}],"version-history":[{"count":1,"href":"https:\/\/www.mediterraneaagrumi.it\/index.php?rest_route=\/wp\/v2\/pages\/4471\/revisions"}],"predecessor-version":[{"id":4472,"href":"https:\/\/www.mediterraneaagrumi.it\/index.php?rest_route=\/wp\/v2\/pages\/4471\/revisions\/4472"}],"wp:attachment":[{"href":"https:\/\/www.mediterraneaagrumi.it\/index.php?rest_route=%2Fwp%2Fv2%2Fmedia&parent=4471"}],"curies":[{"name":"wp","href":"https:\/\/api.w.org\/{rel}","templated":true}]}}